{"id":1841,"date":"2025-03-12T07:50:34","date_gmt":"2025-03-12T06:50:34","guid":{"rendered":"https:\/\/freilab.de\/?page_id=1841"},"modified":"2025-04-22T14:54:51","modified_gmt":"2025-04-22T12:54:51","slug":"eos","status":"publish","type":"page","link":"https:\/\/freilab.de\/?page_id=1841","title":{"rendered":"Elinor Ostrom Siedlungsprojekt-Haus1"},"content":{"rendered":"\n<h2 class=\"wp-block-heading\">Unser Makerspace im EOS<\/h2>\n\n\n<p>Inspiriert von Elinor Ostroms Konzept der gemeinschaftlichen Ressourcenbewirtschaftung entstehen neue R\u00e4umlichkeiten f\u00fcr den gr\u00f6\u00dften Makerspace in Freiburg. Wir wachsen weiter und dieser Ort wird ein Zentrum f\u00fcr Kreativit\u00e4t f\u00fcr das ganze Quartier Kleineschholz sein. Wir f\u00f6rdern nachhaltige und gemeinschaftliche Nutzung von Ressourcen.<br \/>Zudem plant das EOS einen Coworking Space, eine Multifunktionswerkstatt und eine E-CarSharing-Station. Der Makerspace wird ein Ort f\u00fcr Innovation und Zusammenarbeit sein, ausgestattet mit modernen Werkzeugen und Technologien wie 3D-Druckern, Lasercuttern, CNC-Maschinen und vieles mehr, wie am aktuellen Standort. Au\u00dferdem wird es neue Bereiche geben.<br \/>Wir werden dort mehr wie die doppelte Fl\u00e4che haben, ca. 500qm auf das Erdgeschoss und Kellergeschoss verteilt.<\/p>\n\n\n<h2 class=\"wp-block-heading\">Gemeinschaft im Projekt<\/h2>\n\n\n<p>Ein multifunktionaler Gemeinschaftsraum wird f\u00fcr Begegnungen, Workshops und kulturelle Veranstaltungen genutzt. Wir teilen weitere Gemeinschaftsr\u00e4ume mit der <a href=\"https:\/\/zukunft-gestalten-freiburg.de\/\">Werkstatt Schule f\u00fcr M\u00e4dchen<\/a>. Dar\u00fcber hinaus planen wir damit die Anlaufstelle f\u00fcr alle offenen Werkstatt Begeisterte und Hobbybastler zu sein. Wir planen f\u00fcr das Umland, die ganze Stadt und alle Quartiersbewohner die bisherigen \u00d6ffnungszeiten weiterhin anzubieten, w\u00e4hrend dieser Zeiten k\u00f6nnen Nichtmitglieder die Werkstatt nutzen. Komm doch gerne an unserem aktuelle Standort vorbei, um die den Makerspace anzusehen und dich f\u00fcr den neuen Standort inspirieren zu lassen. Zus\u00e4tzlich plant das EOS Projekt mit gemeinschaftliche Terrassen, Dachg\u00e4rten und Laubeng\u00e4nge, um den Austausch unter den Bewohnern zu f\u00f6rdern. Das Haus ist mitten im Neubaugebiet Kleineschholz direkt am Quartiersplatz geplant.<\/p>\n\n\n<h2 class=\"wp-block-heading\">Organisation und Finanzierung<\/h2>\n\n\n<p>Das <a href=\"https:\/\/eos-haus1.de\" target=\"_blank\" rel=\"noopener\">Projekt EOS<\/a> wird nach dem Modell des <a href=\"https:\/\/kleineschholz-syndikat.org\" target=\"_blank\" rel=\"noopener\">Mietsh\u00e4user Syndikats<\/a> organisiert als eine von drei Syndikatsprojekte im Quartier (zusammen KESH\u00b3), um langfristige Nachhaltigkeit zu gew\u00e4hrleisten, mit dem FREILab Freiburg e.V. als festem Mieter. Selbstorganisiert, solidarisch und unverk\u00e4uflich, dadurch wird das FREILab ein wirklich langfristiges Zuhause haben. <a href=\"https:\/\/syndikat.org\" target=\"_blank\" rel=\"noopener\">Das Mietsh\u00e4usersyndikat<\/a> blickt auf eine erfolgreiche Geschichte zur\u00fcck mit \u00fcber 200 Hausprojekten in Deutschland, somit ist eine Umsetzung so gut wie sichergestellt.<\/p>\n<p>Falls du dich f\u00fcr die Hintergr\u00fcnde interessierst, gibt es dazu einen Vortrag vom 35C3: <a href=\"https:\/\/media.ccc.de\/v\/35c3-9804-die_hauser_denen_die_darin_wohnen\" target=\"_blank\" rel=\"noopener\">Die H\u00e4user denen die darin wohnen<\/a>.<br \/><br \/>Die Finanzierung erfolgt durch Eigenkapital, F\u00f6rdermitteln und Direktkredite.<br \/>Das Konzept EOS wird vom <a href=\"https:\/\/www.wemgehoertdiestadt.org\" target=\"_blank\" rel=\"noopener\">Bauverein &#8222;Wem geh\u00f6rt die Stadt?&#8220;<\/a> entwickelt und durch die Bewohner in Selbstverwaltung vorangetrieben.<\/p>\n\n\n<h2 class=\"wp-block-heading\">Wie kann ich FREILab unterst\u00fctzen?<\/h2>\n\n\n<p>Indem du das EOS mit Direktkrediten oder Spenden <a href=\"https:\/\/kleineschholz-syndikat.org\/#unterstuetzen\" target=\"_blank\">hier unterst\u00fctzt.<\/a><\/p>","protected":false},"excerpt":{"rendered":"<p>Unser Makerspace im EOS Inspiriert von Elinor Ostroms Konzept der gemeinschaftlichen Ressourcenbewirtschaftung entstehen neue R\u00e4umlichkeiten f\u00fcr den gr\u00f6\u00dften Makerspace in Freiburg. Wir [&hellip;]<\/p>\n","protected":false},"author":5,"featured_media":0,"parent":0,"menu_order":0,"comment_status":"closed","ping_status":"closed","template":"","meta":{"inline_featured_image":false,"ngg_post_thumbnail":0,"footnotes":""},"class_list":["post-1841","page","type-page","status-publish","hentry"],"_links":{"self":[{"href":"https:\/\/freilab.de\/index.php?rest_route=\/wp\/v2\/pages\/1841","targetHints":{"allow":["GET"]}}],"collection":[{"href":"https:\/\/freilab.de\/index.php?rest_route=\/wp\/v2\/pages"}],"about":[{"href":"https:\/\/freilab.de\/index.php?rest_route=\/wp\/v2\/types\/page"}],"author":[{"embeddable":true,"href":"https:\/\/freilab.de\/index.php?rest_route=\/wp\/v2\/users\/5"}],"replies":[{"embeddable":true,"href":"https:\/\/freilab.de\/index.php?rest_route=%2Fwp%2Fv2%2Fcomments&post=1841"}],"version-history":[{"count":24,"href":"https:\/\/freilab.de\/index.php?rest_route=\/wp\/v2\/pages\/1841\/revisions"}],"predecessor-version":[{"id":1973,"href":"https:\/\/freilab.de\/index.php?rest_route=\/wp\/v2\/pages\/1841\/revisions\/1973"}],"wp:attachment":[{"href":"https:\/\/freilab.de\/index.php?rest_route=%2Fwp%2Fv2%2Fmedia&parent=1841"}],"curies":[{"name":"wp","href":"https:\/\/api.w.org\/{rel}","templated":true}]}}