{"id":540,"date":"2021-08-20T11:15:59","date_gmt":"2021-08-20T09:15:59","guid":{"rendered":"https:\/\/main.freilab.de\/?page_id=540"},"modified":"2026-02-12T04:06:16","modified_gmt":"2026-02-12T03:06:16","slug":"verein","status":"publish","type":"page","link":"https:\/\/freilab.de\/?page_id=540","title":{"rendered":"Verein"},"content":{"rendered":"\n<h2 class=\"wp-block-heading\">Unser Tr\u00e4gerverein<\/h2>\n\n\n\n<p>&nbsp;Der FREILab Freiburg e.V. ist ein am 29.02.2016 gegr\u00fcndeter, gemeinn\u00fctziger Verein, der eine Offene Werkstatt in Freiburg betreibt. Vereinsmitglieder k\u00f6nnen die professionelle Ausstattung der Werkstatt nutzen, um eigene Kreativprojekte zu verwirklichen, Gegenst\u00e4nde zu reparieren und neue Fertigkeiten zu erlernen. Neben der Nutzung der Werkstatt als kreativen Raum zum L\u00f6ten, S\u00e4gen, N\u00e4hen, Drucken, Schrauben und Quatschen, sehen wir uns als Bildungseinrichtung, die Raum f\u00fcr Seminare und Lehrg\u00e4nge bietet. Wir richten uns an Hobbybastler_innen sowie an&nbsp;Professionelle und jene die es werden wollen. Der Austausch und die gegenseitige Hilfe sind ein zentrales Vereinsziel.<br><a data-elementor-open-lightbox=\"yes\" data-elementor-lightbox-title=\"Gruppenbild MGV 2021\" href=\"https:\/\/freilab.de\/wp-content\/uploads\/2021\/11\/group_all.png\"><br><\/a><\/p>\n\n\n\n<figure class=\"wp-block-image size-large\"><a href=\"https:\/\/freilab.de\/wp-content\/uploads\/2023\/03\/group_all-scaled.webp\"><img data-dominant-color=\"6f6f70\" data-has-transparency=\"false\" style=\"--dominant-color: #6f6f70;\" loading=\"lazy\" decoding=\"async\" width=\"1024\" height=\"683\" src=\"https:\/\/freilab.de\/wp-content\/uploads\/2023\/03\/group_all_small-1024x683.webp\" alt=\"\" class=\"wp-image-1558 not-transparent\" srcset=\"https:\/\/freilab.de\/wp-content\/uploads\/2023\/03\/group_all_small-1024x683.webp 1024w, https:\/\/freilab.de\/wp-content\/uploads\/2023\/03\/group_all_small-300x200.webp 300w, https:\/\/freilab.de\/wp-content\/uploads\/2023\/03\/group_all_small-768x512.webp 768w, https:\/\/freilab.de\/wp-content\/uploads\/2023\/03\/group_all_small-1000x667.webp 1000w, https:\/\/freilab.de\/wp-content\/uploads\/2023\/03\/group_all_small-230x153.webp 230w, https:\/\/freilab.de\/wp-content\/uploads\/2023\/03\/group_all_small-350x233.webp 350w, https:\/\/freilab.de\/wp-content\/uploads\/2023\/03\/group_all_small-480x320.webp 480w, https:\/\/freilab.de\/wp-content\/uploads\/2023\/03\/group_all_small.webp 1500w\" sizes=\"auto, (max-width: 1024px) 100vw, 1024px\" \/><\/a><figcaption class=\"wp-element-caption\">Gruppenbild MGV 2021<\/figcaption><\/figure>\n\n\n\n<h3 class=\"wp-block-heading\">Mitglied werden<\/h3>\n\n\n\n<p>Du teilst die Ideale einer freien, offenen Werkstatt, m\u00f6chtest unsere Einrichtungen und Ausstattung jederzeit nutzen und bei unserer Community dabei sein?<br>Dann werde Mitglied im FREILab Freiburg e.V.!\n<\/p>\n\n\n\n<p class=\"has-text-align-left\"><strong>FREILab Freiburg e. V.<\/strong><br><strong>Ensisheimer Str. 4<\/strong><br><strong>79108 Freiburg<\/strong><\/p>\n\n\n\n<div class=\"wp-block-buttons\">\n<div class=\"wp-block-button\"><a class=\"wp-block-button__link has-white-color has-text-color has-background wp-element-button\" href=\"https:\/\/easyverein.com\/public\/FREILab\/applicationform\/4693\" style=\"background-color:#007b4e\">Beitrittsformular<\/a><\/div>\n\n\n\n<div class=\"wp-block-button\"><a class=\"wp-block-button__link has-white-color has-text-color has-background wp-element-button\" href=\"\/wp-content\/uploads\/2020\/11\/20160406_Satzung-FREILab_Vers8_Registergericht.pdf\" style=\"background-color:#007b4e\" target=\"_blank\" rel=\"noreferrer noopener\">Vereinssatzung ansehen<\/a><\/div>\n\n<br \/>\n\n<div class=\"wp-block-button\"><a class=\"wp-block-button__link has-white-color has-text-color has-background wp-element-button\" href=\"\/wp-content\/uploads\/2025\/03\/FREILabAGBs_20241217_final.pdf\" style=\"background-color:#007b4e\" target=\"_blank\" rel=\"noreferrer noopener\">Nutzungsbedingungen Deutsch<\/a><\/div>\n\n\n\n<div class=\"wp-block-button\"><a class=\"wp-block-button__link has-white-color has-text-color has-background wp-element-button\" href=\"\/wp-content\/uploads\/2025\/03\/FREILab_General_Terms_of_Use_20241217_English.pdf\" style=\"background-color:#007b4e\" target=\"_blank\" rel=\"noreferrer noopener\">Terms of use (Nutzungsbedingungen Englisch)<\/a><\/div>\n\n<br \/>\n\n<div class=\"wp-block-button\"><a class=\"wp-block-button__link has-white-color has-text-color has-background wp-element-button\" href=\"\/wp-content\/uploads\/2025\/03\/Lagerhaltungsordnung-FREILab-2025-03-14.pdf\" style=\"background-color:#007b4e\" target=\"_blank\" rel=\"noreferrer noopener\">Lagerhaltungsordnung Deutsch<\/a><\/div>\n\n\n\n<div class=\"wp-block-button\"><a class=\"wp-block-button__link has-white-color has-text-color has-background wp-element-button\" href=\"\/wp-content\/uploads\/2025\/03\/Storage-Regulations-FREILab-2025-03-14.pdf\" style=\"background-color:#007b4e\" target=\"_blank\" rel=\"noreferrer noopener\">Storage regulations (Lagerhaltungsordnung Englisch)<\/a><\/div>\n\n<br>\n\n<div class=\"wp-block-button\"><a class=\"wp-block-button__link has-white-color has-text-color has-background wp-element-button\" href=\"\/wp-content\/uploads\/2026\/02\/FREILabAGBs_20250901_Anhang-1_Politisches-Engagement.pdf\" style=\"background-color:#007b4e\" target=\"_blank\" rel=\"noreferrer noopener\">Politisches Engagement<\/a><\/div>\n<\/div>\n\n\n<h3 class=\"wp-block-heading\">Varianten der Mitgliedschaft<\/h3>\n\n\n\n<p>Wenn du dem FREILab Freiburg e.V. beitrittst, kommen verschiedene Beitragsmodelle f\u00fcr dich in Frage:<\/p>\n\n\n\n<ul class=\"wp-block-list\">\n<li>Regul\u00e4re Mitgliedschaft: 25 \u20ac \/ Monat<\/li>\n\n\n\n<li>Reduzierte Mitgliedschaft (Studis, Azubis, Sch\u00fcler:innen, Erwerbslose, Rentner:innen etc.): 15 \u20ac \/ Monat<\/li>\n\n\n\n<li>Familienmitgliedschaft (f\u00fcr alle Mitglieder einer Familie gemeinsam): 35 \u20ac \/ Monat<\/li>\n\n\n\n<li>Passive Mitgliedschaft (nur ideelle Unterst\u00fctzung, keine Nutzung der Werkstatt: 5 \u20ac \/ Monat<\/li>\n<\/ul>\n","protected":false},"excerpt":{"rendered":"<p>Unser Tr\u00e4gerverein &nbsp;Der FREILab Freiburg e.V. ist ein am 29.02.2016 gegr\u00fcndeter, gemeinn\u00fctziger Verein, der eine Offene Werkstatt in Freiburg betreibt. Vereinsmitglieder k\u00f6nnen [&hellip;]<\/p>\n","protected":false},"author":5,"featured_media":0,"parent":0,"menu_order":0,"comment_status":"closed","ping_status":"closed","template":"page-templates\/page_fullwidth.php","meta":{"inline_featured_image":false,"ngg_post_thumbnail":0,"footnotes":""},"class_list":["post-540","page","type-page","status-publish","hentry"],"_links":{"self":[{"href":"https:\/\/freilab.de\/index.php?rest_route=\/wp\/v2\/pages\/540","targetHints":{"allow":["GET"]}}],"collection":[{"href":"https:\/\/freilab.de\/index.php?rest_route=\/wp\/v2\/pages"}],"about":[{"href":"https:\/\/freilab.de\/index.php?rest_route=\/wp\/v2\/types\/page"}],"author":[{"embeddable":true,"href":"https:\/\/freilab.de\/index.php?rest_route=\/wp\/v2\/users\/5"}],"replies":[{"embeddable":true,"href":"https:\/\/freilab.de\/index.php?rest_route=%2Fwp%2Fv2%2Fcomments&post=540"}],"version-history":[{"count":132,"href":"https:\/\/freilab.de\/index.php?rest_route=\/wp\/v2\/pages\/540\/revisions"}],"predecessor-version":[{"id":2306,"href":"https:\/\/freilab.de\/index.php?rest_route=\/wp\/v2\/pages\/540\/revisions\/2306"}],"wp:attachment":[{"href":"https:\/\/freilab.de\/index.php?rest_route=%2Fwp%2Fv2%2Fmedia&parent=540"}],"curies":[{"name":"wp","href":"https:\/\/api.w.org\/{rel}","templated":true}]}}

<h2 class="wp-block-heading">Unser Trägerverein</h2>



<p>&nbsp;Der FREILab Freiburg e.V. ist ein am 29.02.2016 gegründeter, gemeinnütziger Verein, der eine Offene Werkstatt in Freiburg betreibt. Vereinsmitglieder können die professionelle Ausstattung der Werkstatt nutzen, um eigene Kreativprojekte zu verwirklichen, Gegenstände zu reparieren und neue Fertigkeiten zu erlernen. Neben der Nutzung der Werkstatt als kreativen Raum zum Löten, Sägen, Nähen, Drucken, Schrauben und Quatschen, sehen wir uns als Bildungseinrichtung, die Raum für Seminare und Lehrgänge bietet. Wir richten uns an Hobbybastler_innen sowie an&nbsp;Professionelle und jene die es werden wollen. Der Austausch und die gegenseitige Hilfe sind ein zentrales Vereinsziel.<br><a data-elementor-open-lightbox="yes" data-elementor-lightbox-title="Gruppenbild MGV 2021" href="https://freilab.de/wp-content/uploads/2021/11/group_all.png"><br></a></p>



<figure class="wp-block-image size-large"><a href="https://freilab.de/wp-content/uploads/2023/03/group_all-scaled.webp"><img data-dominant-color="6f6f70" data-has-transparency="false" style="--dominant-color: #6f6f70;" loading="lazy" decoding="async" width="1024" height="683" src="https://freilab.de/wp-content/uploads/2023/03/group_all_small-1024x683.webp" alt="" class="wp-image-1558 not-transparent" srcset="https://freilab.de/wp-content/uploads/2023/03/group_all_small-1024x683.webp 1024w, https://freilab.de/wp-content/uploads/2023/03/group_all_small-300x200.webp 300w, https://freilab.de/wp-content/uploads/2023/03/group_all_small-768x512.webp 768w, https://freilab.de/wp-content/uploads/2023/03/group_all_small-1000x667.webp 1000w, https://freilab.de/wp-content/uploads/2023/03/group_all_small-230x153.webp 230w, https://freilab.de/wp-content/uploads/2023/03/group_all_small-350x233.webp 350w, https://freilab.de/wp-content/uploads/2023/03/group_all_small-480x320.webp 480w, https://freilab.de/wp-content/uploads/2023/03/group_all_small.webp 1500w" sizes="auto, (max-width: 1024px) 100vw, 1024px" /></a><figcaption class="wp-element-caption">Gruppenbild MGV 2021</figcaption></figure>



<h3 class="wp-block-heading">Mitglied werden</h3>



<p>Du teilst die Ideale einer freien, offenen Werkstatt, möchtest unsere Einrichtungen und Ausstattung jederzeit nutzen und bei unserer Community dabei sein?<br>Dann werde Mitglied im FREILab Freiburg e.V.!
</p>



<p class="has-text-align-left"><strong>FREILab Freiburg e. V.</strong><br><strong>Ensisheimer Str. 4</strong><br><strong>79108 Freiburg</strong></p>



<div class="wp-block-buttons">
<div class="wp-block-button"><a class="wp-block-button__link has-white-color has-text-color has-background wp-element-button" href="https://easyverein.com/public/FREILab/applicationform/4693" style="background-color:#007b4e">Beitrittsformular</a></div>



<div class="wp-block-button"><a class="wp-block-button__link has-white-color has-text-color has-background wp-element-button" href="/wp-content/uploads/2020/11/20160406_Satzung-FREILab_Vers8_Registergericht.pdf" style="background-color:#007b4e" target="_blank" rel="noreferrer noopener">Vereinssatzung ansehen</a></div>

<br />

<div class="wp-block-button"><a class="wp-block-button__link has-white-color has-text-color has-background wp-element-button" href="/wp-content/uploads/2025/03/FREILabAGBs_20241217_final.pdf" style="background-color:#007b4e" target="_blank" rel="noreferrer noopener">Nutzungsbedingungen Deutsch</a></div>



<div class="wp-block-button"><a class="wp-block-button__link has-white-color has-text-color has-background wp-element-button" href="/wp-content/uploads/2025/03/FREILab_General_Terms_of_Use_20241217_English.pdf" style="background-color:#007b4e" target="_blank" rel="noreferrer noopener">Terms of use (Nutzungsbedingungen Englisch)</a></div>

<br />

<div class="wp-block-button"><a class="wp-block-button__link has-white-color has-text-color has-background wp-element-button" href="/wp-content/uploads/2025/03/Lagerhaltungsordnung-FREILab-2025-03-14.pdf" style="background-color:#007b4e" target="_blank" rel="noreferrer noopener">Lagerhaltungsordnung Deutsch</a></div>



<div class="wp-block-button"><a class="wp-block-button__link has-white-color has-text-color has-background wp-element-button" href="/wp-content/uploads/2025/03/Storage-Regulations-FREILab-2025-03-14.pdf" style="background-color:#007b4e" target="_blank" rel="noreferrer noopener">Storage regulations (Lagerhaltungsordnung Englisch)</a></div>

<br>

<div class="wp-block-button"><a class="wp-block-button__link has-white-color has-text-color has-background wp-element-button" href="/wp-content/uploads/2026/02/FREILabAGBs_20250901_Anhang-1_Politisches-Engagement.pdf" style="background-color:#007b4e" target="_blank" rel="noreferrer noopener">Politisches Engagement</a></div>
</div>


<h3 class="wp-block-heading">Varianten der Mitgliedschaft</h3>



<p>Wenn du dem FREILab Freiburg e.V. beitrittst, kommen verschiedene Beitragsmodelle für dich in Frage:</p>



<ul class="wp-block-list">
<li>Reguläre Mitgliedschaft: 25 € / Monat</li>



<li>Reduzierte Mitgliedschaft (Studis, Azubis, Schüler:innen, Erwerbslose, Rentner:innen etc.): 15 € / Monat</li>



<li>Familienmitgliedschaft (für alle Mitglieder einer Familie gemeinsam): 35 € / Monat</li>



<li>Passive Mitgliedschaft (nur ideelle Unterstützung, keine Nutzung der Werkstatt: 5 € / Monat</li>
</ul>

<p>Unser Trägerverein &nbsp;Der FREILab Freiburg e.V. ist ein am 29.02.2016 gegründeter, gemeinnütziger Verein, der eine Offene Werkstatt in Freiburg betreibt. Vereinsmitglieder können [&hellip;]</p>
